 47).
-15
5 + 30 + -4 + -23
8
What is -8 + -3 - -26 - (0 + 16)?
-1
(19 - (17 - 4)) + (-2 - -6)
10
Evaluate 29 + -22 + 25 + -16.
16
What is 28 + -4 - (-2 - -39)?
-13
What is (-37 - -37 - (2 + 0)) + -2 - 2?
-6
What is 11 - ((13 - -2 - 30) + 23)?
3
Evaluate (14 - 3) + -2 + (-9 + 9 - 2).
7
-6 + -7 + 12 + (-5 - -31)
25
Evaluate (-9 - 30 - -5) + 50.
16
Evaluate -2 - 4 - 9 - (-1 + -3 + 7).
-18
Calculate 6 + (-2 + 0 - (14 + 10 + -21)).
1
(0 - 4) + (-38 - -42)
0
What is the value of -5 - (-4 + 3 + 4 + 0 + -12)?
4
What is 18 + 1 + (-10 - -2) + -1?
10
Evaluate (31 - -11) + -40 - (1 + 15).
-14
What is 4 + (5 - (-6 + 18)) + 1 + -5?
-7
(-13 - (7 + -18 - 28)) + -4
22
Calculate 31 + (-5 - 3) + -6 + -3.
14
Calculate -8 + 0 - (-10 - -1).
1
What is the value of 12 + -17 - 7 - -22 - (0 - -5)?
5
Calculate -22 + 60 - (-8 + 34).
12
What is the value of 39 + -20 - 29 - 20?
-30
What is 6 - (9 - (-12 + 9 + 12) - 4)?
10
What is the value of -16 + 29 + 3 + 4 + -7?
13
Evaluate (-10 - (-10 + -31)) + -14.
17
38 - (17 - (12 + 9 + -12))
30
Evaluate 28 + (11 - 15) + -10 + 17.
31
What is -5 + (4 - (-2 - (6 - (-2 - -11))))?
-2
What is 12 + -7 + -12 - (1 - 8 - 0)?
0
What is (0 - 22 - -35) + -14?
-1
What is the value of 3 + 1 + (-20 - -4 - -23)?
11
(27 - 10 - 22) + -1 + (3 - 0)
-3
Evaluate 18 + (-1 - -4 - (77 + -70)).
14
What is (-15 + -35 - -40) + -21?
-31
(-21 - 1) + (-11 - 13) + 28
-18
4 - (-8 + -3 + 0)
15
What is 4 + (-9 - -33) + -7 + (0 - 2)?
19
What is (0 - 0) + (1520 - 1548)?
-28
Evaluate 496 + -502 + (3 - (-3 + 9) - -11).
2
What is the value of -27 - (-28 + 9) - (-1 - -8)?
-15
0 - -7 - (33 + -19 + (1 - 14))
6
What is 27 - ((66 - 29) + -38)?
28
What is the value of 839 + -841 + (7 - (6 - 3))?
2
Calculate 7 - (-14 + 27 - 2).
-4
Calculate -5 + 0 + 24 + -16 + 0.
3
What is (10 - 4 - 3) + -6 - (1 + 2)?
-6
(2 - 12) + -4 + 20 + -9 + 2
-1
What is the value of -5 - (6 + -4 + 0 - (2 + 4))?
-1
What is (7 - 0 - 3) + (22 - (22 + -3))?
7
(-7 + 27 - 9) + 9
20
What is 17 + -15 + (17 - (5 + -1 + -7))?
22
What is -153 - -158 - (1 - -9) - -7?
2
What is the value of -2 + 18 - (-98 + 104)?
10
What is the value of (3 - 1) + -7 + -2 + 12 + 2?
7
What is the value of -6 - ((-1 - 0 - (12 + -15)) + -22)?
14
-20 - (-10 + (9 - (-16 + 7)))
-28
What is -20 - (10 + -33) - 21?
-18
Calculate (-29 - -12) + 8 - (-7 + 9).
-11
Evaluate 8 + 8 - (17 + -9 - 17).
25
Evaluate (61 - 59) + 1 + 0.
3
-9 + 12 - 14 - 3 - -5
-9
What is the value of -1 - ((4 - (7 + -3)) + (25 - 17))?
-9
Evaluate 46 + -4 + (-218 - -151).
-25
What is (140 - 147) + (5 - 9)?
-11
Evaluate (-14 - 21 - -44) + 1 + -1 + -1.
8
Calculate (-1 + 2 - (142 + -149)) + 11.
19
Evaluate -21 + (44 - 76 - -67).
14
What is the value of (6 - (-29 - -21)) + -4?
10
What is 3 + -20 + (-7 - (-21 - 16))?
13
Calculate -4 + 10 + -2 + 0 - -4 - 0.
8
What is -82 + 88 - (1 - 25)?
30
What is 6 + -60 + 59 + 0 + -2?
3
-7 + -4 + 33 + (0 + -2 - -4)
24
What is (-4 - (-10 - (-30 - -10))) + -12?
-26
What is the value of 1 + 0 - -43 - (2415 + -2401)?
30
What is the value of -3 + (1 - 12) - -21?
7
What is the value of -34 + -2 + (-5 - -16) + 2 - -6?
-17
0 + (-6 - -4 - (8 + -3)) + 1
-6
(16 - (4 + (1 - -2))) + -5 + -4
0
Evaluate 7 - (1 + (-1 - 0) - (-554 + 561)).
14
What is 2 + 2 + 1 - 5 - 0 - 3?
-3
Evaluate 2 + -15 - 5 - (1 + -7 + 0).
-12
What is 0 + 1 - (-28 - (-11 - 11)) - 0?
7
Evaluate -3 + -6 - (9 + (-1 - -7 - 16)).
-8
What is the value of (0 + 0 - 5) + (-388 - -394)?
1
What is -2 - ((0 - -9) + -16 - (-4 - 0))?
1
Evaluate (9 - 0) + (3 + 10 - 14 - 9).
-1
-4 + 7 + (-13 - -7) - (-6 - 2)
5
What is 5 - (-1 + 1) - (1187 - 1168)?
-14
-8 + 17 + -7 - 13 - -8
-3
What is the value of 4 - ((0 - -1 - 3) + 1 - -7)?
-2
What is -4 - (1 + (2 - (2 - 9)) + -3)?
-11
8 + 2 + 2 + -23
-11
Evaluate -11 + -1 - (-942 + 955).
-25
What is the value of (17 - 9) + -11 - -3?
0
Evaluate (-11 - (7 - -7 - -1)) + 15.
-11
Calculate -5 - (0 + -7 + (31 - 17) - -1).
-13
What is the value of (18 + -18 - (-4 + -5)) + -25?
-16
Calculate -7 + 10 - ((6 - 2) + 0 - -1).
-2
Calculate (11 + (-16 - 2) - 11) + 4.
-14
What is the value of -20 + 10 + (0 - (0 + -3))?
-7
5 - (0 - ((-6 - 0) + (10 - 2)))
7
Evaluate -6 + 24 + 7 - 14.
11
Calculate 6 + -3 + -12 + (12 - 9) - 13.
-19
Evaluate (8 - 20 - -5) + 0 + 10.
3
Evaluate 25 + -31 + 6 - -18.
18
Evaluate 8 - (6 - (-1 - 2) - 11).
10
What is -8 - (-17 + (-25 - -13))?
21
Calculate 0 - 1 - (-14 - -3).
10
What is 831 + -838 + (39 - 1)?
31
Evaluate -39 + 23 - (4 - (0 - 3)).
-23
-1 + (-7 - -25) + -10 + 20
27
Evaluate 37 + -24 + (-15 - 1).
-3
Calculate -10 + (2 - (-7 + -6)).
5
Evaluate (2 - 3) + -74 + 68.
-7
8 - 1 - 3 - (0 - -3 - -4)
-3
1 - (0 - -17) - (-51 + (11 - -36))
-12
What is the value of -13 - (9 - -26) - -26?
-22
What is the value of (-23 - -17) + (3 - 7)?
-10
Calculate -11 + -1 - (-4 - -4).
-12
What is 23 - -1 - (-15 - -58)?
-19
16 - (-3 + 16) - (-6 - -2)
7
What is -12 + 17 + -23 + 20?
2
What is -5 - 0 - ((9 - 20) + -1)?
7
Evaluate -4 + (7 - (-1 - (-3 + (5 - 6)))).
0
What is the value of -2 + -10 - (-153 + 150)?
-9
Calculate (4 + 2 + 6 - 2) + (-2 - 16).
-8
Evaluate 12 - (-4 + 55) - -15.
-24
What is the value of 25 + -4 + -17 + -14?
-10
-10 + (-23 + 41 - 17)
-9
8 - (-9 - 2 - -43 - 5)
-19
Calculate (457 - 437) + -34 + -2.
-16
Evaluate (-5 - -3) + 3 + 1.
2
-16 - (-15 - -7 - 8)
0
What is the value of -18 + (17 - 12) + -14?
-27
Evaluate 40 + -60 - (-3 + -20).
3
7 + 2 + (-4 - -3) + -7 + 6
7
-187 - -160 - (-2 - -1) - (-7 + -1)
-18
Evaluate 5 + -10 - 19 - -4.
-20
What is the value of 33 + -24 + -18 + 5 - 4?
-8
Evaluate (-59 - -27) + 28 - -26.
22
What is the value of 26 + 0 + -11 + 18 - -4?
37
What is -27 + (12 - 37 - -19)?
-33
Evaluate ((1 - 0) + 1 - (-1 + 9)) + -7.
-13
-6 - ((-10 + -2 - (-35 - -61)) + 2)
30
Calculate 15 - (2 + (-6 - -12)).
7
What is the value of 22 + 1 + 1 + -44?
-20
Calculate (9 - 2) + (-15 - -5) + 12 + 2.
11
What is the value of -7 + 8 + -4 + (-6 - 2)?
-11
What is the value of (-3 + -2 - -5) + -1 + -3?
-4
Calculate 6 - 6 - (-8 + -10 + 9) - 23.
-14
-6 + 1 + -10 - -1 - -27
13
Calculate (1 - (0 - 0)) + (1 - (1 + -5)).
6
What is 3 + -26 + 11 + -1 + -17?
-30
Calculate 48 - (22 - -24 - 18).
20
Evaluate 29 - (12 + 3) - 19.
-5
Calculate 33 - (12 + 17 + -6).
10
Calculate -2 + 26 + -53 - -39.
10
What is 0 - ((7 - 4) + 11) - -5?
-9
What is -19 - -2 - (-9 - 11 - -11)?
-8
Calculate -40 - -12 - -55 - 37.
-10
Evaluate -3 + (-17 - -9) - -8 - 5.
-8
What is 64 + -12 + -35 - (-4 + 1 + 2)?
18
Calculate (-29 + 71 - 9) + (1 + 1 - 13).
22
Evaluate -1 + 58 + -31 + -9.
17
Calculate 6 + -47 + (203 - 160).
2
Calculate 352 + -322 - (1 + 35).
-6
Evaluate (-2 + 0 + 8 - 20) + 2.
-12
What is the value of 101 + -100 + -1 + (-1 - 0 - 1)?
-2
What is the value of 0 - ((7 - 2 - 10 - 8) + -2)?
15
What is the value of -7 - (-14 + 13) - (-15 - (-4 - -2))?
7
Calculate -6 - (-12 + (16 - 9)).
-1
What is the value of -1 - 39 - (58 - (62 - -13))?
-23
What is (-14 + -8 + 22 - -2) + 7?
9
Evaluate -10 - (25 + -38) - -7.
10
-8 + -2 - (41 + -70 + 12)
7
Evaluate (-31 - -30) + (-2 - (-2 + -6 + -1)).
6
What is the value of -2 + 3 + -6 + 13 - -21?
29
1 + -9 - (1399 + -1429)
22
What is 4 + (-38 - (13 + -28 + 6))?
-25
Calculate (-8 - -14 - -1) + 2.
9
What is -9 - -4 - (-14 + -2 + -2 + 4)?
9
-3 + 16 + (-24 - -21)
10
Evaluate -12 + (34 - 14) - 3.
5
What is the value of 19 + -8 + (-18 - -13)?
6
(-45 - -7) + 40 - 3
-1
What is the value of -18 - (-8 + 34 + -45)?
1
Calculate 37 + -25 + (0 - 4) - (32 + 0).
-24
Calculate (-26 - -10 - 10) + 33.
7
5 + (10 - 14) + (1 - 9) + 32
25
What is 3 + 1 + -9 - (-1 - 5)?
1
Calculate (9 - -6) + -3 + -19.
-7
What is (-114 - -102) + (2 - 1)?
-11
(-599 - -561) + (2 - -25)
-11
What is (7 - ((-5 - -19) + -7)) + 10 + 2?
12
-64 + 70 + -11 + -4 + -3
-12
What is the value of 13 - (-16 + -9 + 35)?
3
What is the value of (-1 - 10) + 13 + -33 + 17 + 41?
27
Calculate 23 + -4 + (5 - (7 + -12)) + -8.
21
Evaluate -7 - (9 + (-3 - 28) + -18).
33
What is the value of 13 + 6 + -45 - -25?
-1
Calculate (8 + 6 + 2 - 2) + -5.
9
Calculate -1 + 2 + (8 - (11 + -5)) - 1.
2
Evaluate 0 + 14 + (-16 - -11).
9
Evaluate 34 + -26 - ((7 - 4) + 2).
3
7 + (-1 + -6 - (-11 + 6) - -14)
19
What is -1 - (-41 + 34 + (0 - (-27 + 2)))?
-19
Calculate -6 + 14 + 0 + 1 - (-3 - -8).
4
(3 - 8) + (-10 + 6 - -4)
-5
Calculate 1 + -2 + (28 - 14) + -7